{"id":1105,"date":"2025-01-21T23:13:26","date_gmt":"2025-01-21T22:13:26","guid":{"rendered":"https:\/\/stlouisvincennes.fr\/?page_id=1105"},"modified":"2025-01-21T23:15:31","modified_gmt":"2025-01-21T22:15:31","slug":"renovation-de-leglise","status":"publish","type":"page","link":"https:\/\/stlouisvincennes.fr\/index.php\/renovation-de-leglise\/","title":{"rendered":"R\u00e9novation de l&rsquo;\u00e9glise"},"content":{"rendered":"<p>Site d\u00e9di\u00e9 \u00e0 la r\u00e9novation de l&rsquo;\u00e9glise Saint-Louis de Vincennes<\/p>\n<p><a href=\"https:\/\/www.sldv.fr\/\">https:\/\/www.sldv.fr\/<\/a><\/p>\n","protected":false},"excerpt":{"rendered":"<p>Site d\u00e9di\u00e9 \u00e0 la r\u00e9novation de l&rsquo;\u00e9glise Saint-Louis de Vincennes https:\/\/www.sldv.fr\/<\/p>\n","protected":false},"author":3,"featured_media":0,"parent":0,"menu_order":0,"comment_status":"closed","ping_status":"closed","template":"","meta":{"footnotes":""},"class_list":["post-1105","page","type-page","status-publish","hentry"],"_links":{"self":[{"href":"https:\/\/stlouisvincennes.fr\/index.php\/wp-json\/wp\/v2\/pages\/1105","targetHints":{"allow":["GET"]}}],"collection":[{"href":"https:\/\/stlouisvincennes.fr\/index.php\/wp-json\/wp\/v2\/pages"}],"about":[{"href":"https:\/\/stlouisvincennes.fr\/index.php\/wp-json\/wp\/v2\/types\/page"}],"author":[{"embeddable":true,"href":"https:\/\/stlouisvincennes.fr\/index.php\/wp-json\/wp\/v2\/users\/3"}],"replies":[{"embeddable":true,"href":"https:\/\/stlouisvincennes.fr\/index.php\/wp-json\/wp\/v2\/comments?post=1105"}],"version-history":[{"count":3,"href":"https:\/\/stlouisvincennes.fr\/index.php\/wp-json\/wp\/v2\/pages\/1105\/revisions"}],"predecessor-version":[{"id":1110,"href":"https:\/\/stlouisvincennes.fr\/index.php\/wp-json\/wp\/v2\/pages\/1105\/revisions\/1110"}],"wp:attachment":[{"href":"https:\/\/stlouisvincennes.fr\/index.php\/wp-json\/wp\/v2\/media?parent=1105"}],"curies":[{"name":"wp","href":"https:\/\/api.w.org\/{rel}","templated":true}]}}