{"id":2,"date":"2017-03-30T15:57:38","date_gmt":"2017-03-30T13:57:38","guid":{"rendered":"http:\/\/stlouisvincennes.fr\/?page_id=2"},"modified":"2026-03-08T12:20:16","modified_gmt":"2026-03-08T11:20:16","slug":"accueil","status":"publish","type":"page","link":"https:\/\/stlouisvincennes.fr\/","title":{"rendered":"Accueil"},"content":{"rendered":"<hr \/>\n<h1 style=\"text-align: center;\"><span style=\"text-decoration: underline; color: #800000;\"><strong>PROCHAIN CONCERT<br \/>\n<\/strong><\/span><\/h1>\n<p style=\"text-align: center;\"><strong>Pendant la p\u00e9riode des travaux, les concerts sont limit\u00e9s.<\/strong><\/p>\n<hr \/>\n<div class=\"panel-grid panel-no-style\" id=\"pg-2-0\">\n<div class=\"panel-grid-cell\" id=\"pgc-2-0-0\">\n<div class=\"so-panel widget widget_sow-editor panel-first-child panel-last-child\" id=\"panel-2-0-0-0\">\n<div class=\"so-widget-sow-editor so-widget-sow-editor-base\">\n<div class=\"siteorigin-widget-tinymce textwidget\">\n<h2><img loading=\"lazy\" decoding=\"async\" src=\"https:\/\/stlouisvincennes.fr\/wp-content\/uploads\/2026\/03\/affiche-260412.jpeg\" alt=\"\" width=\"452\" height=\"640\" class=\"aligncenter size-full wp-image-1150\" srcset=\"https:\/\/stlouisvincennes.fr\/wp-content\/uploads\/2026\/03\/affiche-260412.jpeg 452w, https:\/\/stlouisvincennes.fr\/wp-content\/uploads\/2026\/03\/affiche-260412-212x300.jpeg 212w\" sizes=\"auto, (max-width: 452px) 100vw, 452px\" \/><\/h2>\n<h2 style=\"text-align: center;\"><strong>Les projets de travaux de restauration de l&rsquo;\u00e9glise<\/strong><\/h2>\n<p><img loading=\"lazy\" decoding=\"async\" class=\"aligncenter wp-image-308 size-thumbnail\" src=\"http:\/\/stlouisvincennes.fr\/wp-content\/uploads\/2017\/12\/1200px-Logo_monument_historique_-_rouge_ombr\u00e9_encadr\u00e9.svg_-150x150.png\" alt=\"\" width=\"150\" height=\"150\" srcset=\"https:\/\/stlouisvincennes.fr\/wp-content\/uploads\/2017\/12\/1200px-Logo_monument_historique_-_rouge_ombr\u00e9_encadr\u00e9.svg_-150x150.png 150w, https:\/\/stlouisvincennes.fr\/wp-content\/uploads\/2017\/12\/1200px-Logo_monument_historique_-_rouge_ombr\u00e9_encadr\u00e9.svg_-300x300.png 300w, https:\/\/stlouisvincennes.fr\/wp-content\/uploads\/2017\/12\/1200px-Logo_monument_historique_-_rouge_ombr\u00e9_encadr\u00e9.svg_-768x768.png 768w, https:\/\/stlouisvincennes.fr\/wp-content\/uploads\/2017\/12\/1200px-Logo_monument_historique_-_rouge_ombr\u00e9_encadr\u00e9.svg_-1024x1024.png 1024w, https:\/\/stlouisvincennes.fr\/wp-content\/uploads\/2017\/12\/1200px-Logo_monument_historique_-_rouge_ombr\u00e9_encadr\u00e9.svg_.png 1200w\" sizes=\"auto, (max-width: 150px) 100vw, 150px\" \/><\/p>\n<p style=\"text-align: center;\"><a href=\"http:\/\/stlouisvincennes.fr\/index.php\/projet-de-travaux-de-restauration\/\">par ici<\/a><\/p>\n<\/div>\n<\/div>\n<\/div>\n<\/div>\n<p><a href=\"https:\/\/www.fondation-patrimoine.org\/les-projets\/eglise-saint-louis-de-vincennes\"><img loading=\"lazy\" decoding=\"async\" class=\"size-full wp-image-701 aligncenter\" src=\"http:\/\/stlouisvincennes.fr\/wp-content\/uploads\/2019\/03\/DON.jpg\" alt=\"\" width=\"143\" height=\"62\" \/><\/a><\/p>\n<hr \/>\n<h3 style=\"text-align: center;\"><strong>Nos Partenaires<\/strong><\/h3>\n<\/div>\n","protected":false},"excerpt":{"rendered":"<p>PROCHAIN CONCERT Pendant la p\u00e9riode des travaux, les concerts sont limit\u00e9s. Les projets de travaux de restauration de l&rsquo;\u00e9glise par ici Nos Partenaires<\/p>\n","protected":false},"author":1,"featured_media":0,"parent":0,"menu_order":5,"comment_status":"closed","ping_status":"closed","template":"","meta":{"footnotes":""},"class_list":["post-2","page","type-page","status-publish","hentry"],"_links":{"self":[{"href":"https:\/\/stlouisvincennes.fr\/index.php\/wp-json\/wp\/v2\/pages\/2","targetHints":{"allow":["GET"]}}],"collection":[{"href":"https:\/\/stlouisvincennes.fr\/index.php\/wp-json\/wp\/v2\/pages"}],"about":[{"href":"https:\/\/stlouisvincennes.fr\/index.php\/wp-json\/wp\/v2\/types\/page"}],"author":[{"embeddable":true,"href":"https:\/\/stlouisvincennes.fr\/index.php\/wp-json\/wp\/v2\/users\/1"}],"replies":[{"embeddable":true,"href":"https:\/\/stlouisvincennes.fr\/index.php\/wp-json\/wp\/v2\/comments?post=2"}],"version-history":[{"count":170,"href":"https:\/\/stlouisvincennes.fr\/index.php\/wp-json\/wp\/v2\/pages\/2\/revisions"}],"predecessor-version":[{"id":1151,"href":"https:\/\/stlouisvincennes.fr\/index.php\/wp-json\/wp\/v2\/pages\/2\/revisions\/1151"}],"wp:attachment":[{"href":"https:\/\/stlouisvincennes.fr\/index.php\/wp-json\/wp\/v2\/media?parent=2"}],"curies":[{"name":"wp","href":"https:\/\/api.w.org\/{rel}","templated":true}]}}