{"id":460,"date":"2018-06-13T23:48:06","date_gmt":"2018-06-13T21:48:06","guid":{"rendered":"http:\/\/stlouisvincennes.fr\/?page_id=460"},"modified":"2025-12-05T08:27:48","modified_gmt":"2025-12-05T07:27:48","slug":"concerts-2022-2023","status":"publish","type":"page","link":"https:\/\/stlouisvincennes.fr\/index.php\/concerts-2022-2023\/","title":{"rendered":"Concerts 2025-2026"},"content":{"rendered":"<div id=\"pl-460\" class=\"panel-layout\">\n<div id=\"pg-460-0\" class=\"panel-grid panel-no-style\" data-style=\"{&quot;background_image_attachment&quot;:false,&quot;background_display&quot;:&quot;tile&quot;,&quot;full_height&quot;:&quot;&quot;,&quot;cell_alignment&quot;:&quot;flex-start&quot;}\">\n<div id=\"pgc-460-0-0\" class=\"panel-grid-cell\" data-weight=\"1\">\n<div id=\"panel-460-0-0-0\" class=\"so-panel widget widget_sow-editor panel-first-child panel-last-child\" data-index=\"0\" data-style=\"{&quot;background_image_attachment&quot;:false,&quot;background_display&quot;:&quot;tile&quot;,&quot;background_image_size&quot;:&quot;full&quot;,&quot;background_image_opacity&quot;:&quot;100&quot;,&quot;border_thickness&quot;:&quot;1px&quot;,&quot;font_color&quot;:&quot;#1e73be&quot;}\">\n<div class=\"panel-widget-style panel-widget-style-for-460-0-0-0\">\n<div class=\"so-widget-sow-editor so-widget-sow-editor-base\">\n<h3 class=\"widget-title\"><strong style=\"font-size: revert; color: initial;\">Dimanche 21 septembre 2025 &#8211; Journ\u00e9es Europ\u00e9ennes du Patrimoine<\/strong><\/h3>\n<div class=\"siteorigin-widget-tinymce textwidget\">\n<p><strong><br \/>\n<img loading=\"lazy\" decoding=\"async\" src=\"https:\/\/stlouisvincennes.fr\/wp-content\/uploads\/2022\/09\/image-2.jpeg\" alt=\"\" width=\"169\" height=\"175\" class=\"wp-image-1028 alignleft\" srcset=\"https:\/\/stlouisvincennes.fr\/wp-content\/uploads\/2022\/09\/image-2.jpeg 2000w, https:\/\/stlouisvincennes.fr\/wp-content\/uploads\/2022\/09\/image-2-289x300.jpeg 289w, https:\/\/stlouisvincennes.fr\/wp-content\/uploads\/2022\/09\/image-2-987x1024.jpeg 987w, https:\/\/stlouisvincennes.fr\/wp-content\/uploads\/2022\/09\/image-2-768x797.jpeg 768w, https:\/\/stlouisvincennes.fr\/wp-content\/uploads\/2022\/09\/image-2-1480x1536.jpeg 1480w, https:\/\/stlouisvincennes.fr\/wp-content\/uploads\/2022\/09\/image-2-1974x2048.jpeg 1974w\" sizes=\"auto, (max-width: 169px) 100vw, 169px\" \/><img loading=\"lazy\" decoding=\"async\" src=\"https:\/\/stlouisvincennes.fr\/wp-content\/uploads\/2022\/09\/ob_1b90cf_orgue-mmo-03082016-4-e1663690816247.jpg\" alt=\"\" width=\"169\" height=\"127\" class=\"alignleft wp-image-1044\" srcset=\"https:\/\/stlouisvincennes.fr\/wp-content\/uploads\/2022\/09\/ob_1b90cf_orgue-mmo-03082016-4-e1663690816247.jpg 780w, https:\/\/stlouisvincennes.fr\/wp-content\/uploads\/2022\/09\/ob_1b90cf_orgue-mmo-03082016-4-e1663690816247-300x225.jpg 300w, https:\/\/stlouisvincennes.fr\/wp-content\/uploads\/2022\/09\/ob_1b90cf_orgue-mmo-03082016-4-e1663690816247-768x576.jpg 768w\" sizes=\"auto, (max-width: 169px) 100vw, 169px\" \/><br \/>\n<\/strong><img loading=\"lazy\" decoding=\"async\" class=\"wp-image-479 alignleft\" src=\"http:\/\/stlouisvincennes.fr\/wp-content\/uploads\/2018\/04\/SLV-coul-HD-237x300.jpg\" alt=\"\" height=\"27\" width=\"21\" \/>Concert d&rsquo;orgue \u00e0 16 h 30<\/p>\n<p>Anne-Adeline Lamy et Fran\u00e7ois Mazou\u00ebr, organistes \u00e0 St Louis de Vincennes.<br \/>\n<em>Libre participation aux frais<\/em><\/p>\n<p><strong>Dimanche 12 octobre 2025 \u00e0 15 h 30 <em>&#8211; <\/em>R\u00e9cital<\/strong><img decoding=\"async\" loading=\"lazy\" class=\"wp-image-504 alignright\" src=\"http:\/\/stlouisvincennes.fr\/wp-content\/uploads\/2018\/06\/logoverticalDegrade-1-218x300.jpg\" alt=\"\" height=\"29\" width=\"21\" \/><\/p>\n<p><img loading=\"lazy\" decoding=\"async\" src=\"https:\/\/stlouisvincennes.fr\/wp-content\/uploads\/2025\/12\/andy-emler-presente-six-trios-a-l-opera-1455050049-150x150.jpg\" alt=\"\" width=\"150\" height=\"150\" class=\"alignleft wp-image-1132 size-thumbnail\" \/><\/p>\n<p>Andy EMLER : organiste, improvisateur<\/p>\n<p>Improvisations<\/p>\n<p>Libre participation aux frais<\/p>\n<blockquote><p><strong>Dimanche 21 d\u00e9cembre 2025 \u00e0 15 h 30 <em>&#8211; <\/em>R\u00e9cital<\/strong><img decoding=\"async\" loading=\"lazy\" class=\"wp-image-504 alignright\" src=\"http:\/\/stlouisvincennes.fr\/wp-content\/uploads\/2018\/06\/logoverticalDegrade-1-218x300.jpg\" alt=\"\" height=\"29\" width=\"21\" \/><\/p>\n<p><img loading=\"lazy\" decoding=\"async\" src=\"https:\/\/stlouisvincennes.fr\/wp-content\/uploads\/2022\/09\/portrait-photo-laurent-jochum-organiste-concertiste-mardibleu.fr-0007-200x300.jpg\" alt=\"\" width=\"142\" height=\"213\" class=\" wp-image-1045 alignleft\" srcset=\"https:\/\/stlouisvincennes.fr\/wp-content\/uploads\/2022\/09\/portrait-photo-laurent-jochum-organiste-concertiste-mardibleu.fr-0007-200x300.jpg 200w, https:\/\/stlouisvincennes.fr\/wp-content\/uploads\/2022\/09\/portrait-photo-laurent-jochum-organiste-concertiste-mardibleu.fr-0007-683x1024.jpg 683w, https:\/\/stlouisvincennes.fr\/wp-content\/uploads\/2022\/09\/portrait-photo-laurent-jochum-organiste-concertiste-mardibleu.fr-0007-768x1152.jpg 768w, https:\/\/stlouisvincennes.fr\/wp-content\/uploads\/2022\/09\/portrait-photo-laurent-jochum-organiste-concertiste-mardibleu.fr-0007.jpg 850w\" sizes=\"auto, (max-width: 142px) 100vw, 142px\" \/><\/p>\n<p>Laurent JOCHUM, organiste de l&rsquo;\u00e9glise St-Jean-Baptiste de Belleville (Paris)<\/p>\n<p>Programme :<\/p>\n<p>Libre participation aux frais<\/p><\/blockquote>\n<blockquote><p><strong>Dimanche 15 f\u00e9vrier 2026 \u00e0 15 h 30 &#8211; R\u00e9cital<img decoding=\"async\" loading=\"lazy\" class=\"wp-image-504 alignright\" src=\"http:\/\/stlouisvincennes.fr\/wp-content\/uploads\/2018\/06\/logoverticalDegrade-1-218x300.jpg\" alt=\"\" height=\"29\" width=\"21\" \/><\/strong><\/p>\n<p><img loading=\"lazy\" decoding=\"async\" src=\"https:\/\/stlouisvincennes.fr\/wp-content\/uploads\/2025\/12\/hqdefault-150x150.jpg\" alt=\"\" width=\"150\" height=\"150\" class=\"alignleft wp-image-1133 size-thumbnail\" \/><\/p>\n<p><span style=\"font-size: revert; color: initial;\">Bruno GUILOIS, organiste de l&rsquo;\u00e9glise Ste-Odile (Paris 17\u00e8)<\/span><\/p><\/blockquote>\n<p>Programme :<\/p>\n<p>Libre participation aux frais<\/p>\n<blockquote><p><strong>Dimanche 12 avril 2026 \u00e0 25h 30 &#8211; R\u00e9cital<img decoding=\"async\" loading=\"lazy\" class=\"wp-image-504 alignright\" src=\"http:\/\/stlouisvincennes.fr\/wp-content\/uploads\/2018\/06\/logoverticalDegrade-1-218x300.jpg\" alt=\"\" height=\"29\" width=\"21\" \/><\/strong><\/p>\n<p><img loading=\"lazy\" decoding=\"async\" src=\"https:\/\/stlouisvincennes.fr\/wp-content\/uploads\/2022\/09\/image-2-289x300.jpeg\" alt=\"\" width=\"173\" height=\"180\" class=\" wp-image-1028 alignleft\" srcset=\"https:\/\/stlouisvincennes.fr\/wp-content\/uploads\/2022\/09\/image-2-289x300.jpeg 289w, https:\/\/stlouisvincennes.fr\/wp-content\/uploads\/2022\/09\/image-2-987x1024.jpeg 987w, https:\/\/stlouisvincennes.fr\/wp-content\/uploads\/2022\/09\/image-2-768x797.jpeg 768w, https:\/\/stlouisvincennes.fr\/wp-content\/uploads\/2022\/09\/image-2-1480x1536.jpeg 1480w, https:\/\/stlouisvincennes.fr\/wp-content\/uploads\/2022\/09\/image-2-1974x2048.jpeg 1974w, https:\/\/stlouisvincennes.fr\/wp-content\/uploads\/2022\/09\/image-2.jpeg 2000w\" sizes=\"auto, (max-width: 173px) 100vw, 173px\" \/><\/p>\n<p>Anne-Adeline LAMY, organiste de l&rsquo;\u00e9glise St-Louis de Vincennes et de ND de de Bercy (Paris 12\u00e8)<\/p>\n<p>Programme :<\/p>\n<p>Libre participation aux frais<\/p><\/blockquote>\n<blockquote><p><strong>Samedi 7 juin 2026 \u00e0 15h 30 &#8211; R\u00e9cital<img decoding=\"async\" loading=\"lazy\" class=\"wp-image-504 alignright\" src=\"http:\/\/stlouisvincennes.fr\/wp-content\/uploads\/2018\/06\/logoverticalDegrade-1-218x300.jpg\" alt=\"\" height=\"29\" width=\"21\" \/><\/strong><\/p>\n<p><img loading=\"lazy\" decoding=\"async\" src=\"https:\/\/stlouisvincennes.fr\/wp-content\/uploads\/2022\/09\/Capture-decran-2022-09-19-194456.png\" alt=\"\" width=\"209\" height=\"150\" class=\"wp-image-1032 alignnone\" srcset=\"https:\/\/stlouisvincennes.fr\/wp-content\/uploads\/2022\/09\/Capture-decran-2022-09-19-194456.png 746w, https:\/\/stlouisvincennes.fr\/wp-content\/uploads\/2022\/09\/Capture-decran-2022-09-19-194456-300x215.png 300w\" sizes=\"auto, (max-width: 209px) 100vw, 209px\" \/><\/p>\n<p>J\u00e9r\u00f4me Tonnelier, organiste de l&rsquo;\u00e9glise ND de Saint-Mand\u00e9 (94)<\/p>\n<p>Programme : en attente<\/p>\n<p>Libre participation aux frais<\/p><\/blockquote>\n<\/div>\n<\/div>\n<\/div>\n<\/div>\n<\/div>\n<\/div>\n<\/div>\n","protected":false},"excerpt":{"rendered":"<p>Dimanche 21 septembre 2025 &#8211; Journ\u00e9es Europ\u00e9ennes du Patrimoine Concert d&rsquo;orgue \u00e0 16 h 30 Anne-Adeline Lamy et Fran\u00e7ois Mazou\u00ebr, organistes \u00e0 St Louis de Vincennes. Libre participation aux frais Dimanche 12 octobre 2025 \u00e0 15 h 30 &#8211; R\u00e9cital Andy EMLER : organiste, improvisateur Improvisations Libre participation aux frais [&hellip;]<\/p>\n","protected":false},"author":3,"featured_media":0,"parent":0,"menu_order":7,"comment_status":"closed","ping_status":"closed","template":"","meta":{"footnotes":""},"class_list":["post-460","page","type-page","status-publish","hentry"],"_links":{"self":[{"href":"https:\/\/stlouisvincennes.fr\/index.php\/wp-json\/wp\/v2\/pages\/460","targetHints":{"allow":["GET"]}}],"collection":[{"href":"https:\/\/stlouisvincennes.fr\/index.php\/wp-json\/wp\/v2\/pages"}],"about":[{"href":"https:\/\/stlouisvincennes.fr\/index.php\/wp-json\/wp\/v2\/types\/page"}],"author":[{"embeddable":true,"href":"https:\/\/stlouisvincennes.fr\/index.php\/wp-json\/wp\/v2\/users\/3"}],"replies":[{"embeddable":true,"href":"https:\/\/stlouisvincennes.fr\/index.php\/wp-json\/wp\/v2\/comments?post=460"}],"version-history":[{"count":116,"href":"https:\/\/stlouisvincennes.fr\/index.php\/wp-json\/wp\/v2\/pages\/460\/revisions"}],"predecessor-version":[{"id":1143,"href":"https:\/\/stlouisvincennes.fr\/index.php\/wp-json\/wp\/v2\/pages\/460\/revisions\/1143"}],"wp:attachment":[{"href":"https:\/\/stlouisvincennes.fr\/index.php\/wp-json\/wp\/v2\/media?parent=460"}],"curies":[{"name":"wp","href":"https:\/\/api.w.org\/{rel}","templated":true}]}}